w + 2*h = -0*h + 8, -2*w = -s*h + 8. Let f(u) = -3 + 56*u - 26*u - 32*u. Determine f(w).
1
Suppose 3 = -3*z - 0. Let n(y) = 6*y + 2. Let i be n(z). Let f(x) be the third derivative of x**5/60 + x**4/4 + 5*x**3/6 + x**2. What is f(i)?
-3
Let t be (-6)/(-12) - 35/(-10). Let g(i) = 3*i - 3. Calculate g(t).
9
Let l(v) = v**3 + 20*v**2 - 23*v - 44. Let a be l(-21). Let z(r) = -4*r**2 + 2. Give z(a).
-14
Let c(y) = -8 - 7*y**2 - 54*y + 18*y + 30*y - y**3. Determine c(-6).
-8
Let i(n) = 6*n - 3. Suppose 0 = -m - 5 + 1. Calculate i(m).
-27
Let m(j) = 6*j**2 + 7*j + 6. Let u(r) = -r - 1. Let p(y) = -m(y) - 6*u(y). Let w(c) = -c**2 - c. Let d(g) = -p(g) + 4*w(g). Give d(2).
2
Suppose 16*n + 15*n + 62 = 0. Let v(m) = 3*m + 7. Determine v(n).
1
Let k be (54/12)/(9/6). Let h(c) = -c + 1. What is h(k)?
-2
Let u be -12 + (-8 - 0) + 16. Let q(y) = -y + 1. Calculate q(u).
5
Let k(q) be the third derivative of 0*q + 0 + q**2 + q**3 - 1/12*q**4. Suppose 2*y - 7*y + 20 = 0. Determine k(y).
-2
Let w(q) = q**3 + 8*q**2 + 3. Suppose -2*v = -0*v - 4*v. Suppose -7*i + 12*i + 40 = v. What is w(i)?
3
Let j = 17 + -8. Let c(y) = -y**3 + 10*y**2 - 9*y + 3. Give c(j).
3
Let l(y) = -y**2 - 12*y + 3. Let i be l(0). Let p(a) = 3*a**2 - 5*a - 4. Give p(i).
8
Let y(q) = 1747*q**2 + q**3 - 1748*q**2 - 9 - q**3 + q - 2*q**3. What is y(0)?
-9
Let v = -9 + 3. Let z(u) = 16*u - 4 + 6*u + 5*u**2 - 29*u - 4*u**3 + 5*u**3. What is z(v)?
2
Let w(p) = -6*p - 48. Let m(b) = 2*b + 17. Let r(l) = -14*m(l) - 5*w(l). Give r(2).
6
Suppose s = -4*q - 13 - 0, 2*s + 3*q = -6. Let h(p) = 3*p**2 + 5*p + 23. Let u(f) = f**2 + 2*f + 8. Let b(j) = s*h(j) - 8*u(j). Determine b(0).
5
Let d(i) be the third derivative of 0*i**4 + 0*i - 1/3*i**3 + 0 + 1/120*i**6 + 0*i**5 - 15*i**2. Suppose -2*j + 2*s + 10 = 0, 0 = 6*j - 2*j - s - 11. Give d(j).
6
Let t be 171*2/(-4)*-4. Let g be 2/8 - t/(-72). Let k(y) = -y**3 + 5*y**2 - 7. Calculate k(g).
-7
Suppose -8*k = -9*k - 5. Let d be ((-6)/(-9) + -1)/(k/(-60)). Let h(m) = -m**2 - m + 5. Give h(d).
-7
Let d(h) = -h - 1. Suppose -7*s = -5*s + 50. Let p = -26 - s. Calculate d(p).
0
Let i(w) = w - 8. Suppose -17 = -3*d - 14. Suppose 4*h - x + 0*x = -1, 2*h + 8 = 2*x. Let a = d - h. What is i(a)?
-8
Let c(n) be the third derivative of n**6/120 + n**5/20 + n**3/3 + 145*n**2. Determine c(-3).
2
Let s(k) be the third derivative of k**5/15 - k**4/6 - k**3 + 2*k**2 - 275*k. Give s(-4).
74
Let r(j) = -j - 1. Let m(q) = -q**2 - 3*q + 1. Let b(s) = -m(s) - 4*r(s). Calculate b(-8).
11
Let c(r) = r**2 + 3*r - 14. Let b be c(-6). Suppose -2*k + 4*v + 4 = 0, b*k = -v - 2*v + 19. Suppose l - 2*l - k = 0. Let f(p) = p**2 + 4*p + 1. Determine f(l).
1
Let g(k) = 51*k**3 - 27*k**3 + 3*k**2 + 5*k - 25*k**3. Let w = -2 + 8. Let x = 10 - w. Calculate g(x).
4
Let i = -1 - 3. Let p(y) be the third derivative of -y**5/60 - y**4/12 + y**3/6 - 70*y**2. Give p(i).
-7
Let u = -662 + 671. Let v(t) = -t**3 + 9*t**2 + t - 3. Give v(u).
6
Let o(f) = f**2 - f + 1. Let y(t) = -2*t**2 + 4*t - 7. Let s(n) = 3*o(n) + y(n). Let w be s(-4). Let p(a) = 2*a - 8. Give p(w).
8
Let j(y) = -y - 1. Let h(d) = -3. Let a(x) = h(x) - 4*j(x). Let t be a(-1). Let n(o) = -o + 10. Let c(i) = 3*i - 21. Let f(r) = t*c(r) - 7*n(r). What is f(-6)?
5
Let i(a) = -a**2 + 7*a - 7. Let o = 141 + -135. Determine i(o).
-1
Let g(w) = -2*w**2 - 2*w + 2. Suppose 2*d + 1 = -3. Let z be -3*(d/(-6) - 1)*-1. Give g(z).
-2
Let u(r) = -r**2 + r + 5. Let z(k) = -2*k**2 + 2*k + 6. Let a(b) = -4*u(b) + 3*z(b). Calculate a(1).
-2
Let b(w) = w + 3. Let m(z) = 3*z + 14. Let i(n) = b(n) - m(n). Calculate i(-6).
1
Let w be -4*(-2)/((-8)/6). Let k(v) = -5*v**3 - 6*v**2 + 12*v - 4. Let x(i) = 11*i**3 + 12*i**2 - 27*i + 9. Let g(b) = 9*k(b) + 4*x(b). Calculate g(w).
0
Suppose -9*z = -304 - 74. Let q = z + -47. Let s(y) = 8*y**2 - 2*y - 9. Let p(d) = 7*d**2 - d - 8. Let b(r) = -7*p(r) + 6*s(r). Give b(q).
2
Let b(w) be the second derivative of w**4/12 + 11*w**3/6 + 7*w**2/2 + 94*w. Determine b(-8).
-17
Let o(n) = 2318*n - 1160*n - 1166*n. What is o(3)?
-24
Let g = 303 - 301. Let k(f) = -11*f - 2. Calculate k(g).
-24
Let g(y) = 7*y**2 - 32*y + 7. Let f(o) = 5*o**2 - 28*o + 7. Let c(w) = 4*f(w) - 3*g(w). What is c(-14)?
35
Suppose 5*f - 4*f + 23 = -5*c, -4*f = 3*c + 24. Let j(o) = o**2 - 5*o - 6. Give j(c).
30
Let u(s) be the third derivative of s**5/30 - s**4/6 - s**3/6 - 2*s**2 - 22. Let v = -3 - -10. Let b = v + -4. Give u(b).
5
Let y(u) = 2*u**3 - u + 1. Let s = 22 + -18. Let a be s/(-22) - 8/(-44). Let v be a + (-4 - -4) + 1. Calculate y(v).
2
Let c(o) = 4*o - 74. Let d be c(20). Let t(x) = 8*x + 1 - 3 + 0*x**2 - x**2 + 0*x**2. Give t(d).
10
Let h(j) = -j**3 - j + 2*j + 0*j. Let w = 2138 - 2136. What is h(w)?
-6
Suppose -26 = -3*p - h, 14 = 3*p - 6*h + h. Let f be (-1*6)/(p + -10). Let d(k) = k - 4*k + f + 2 + k. Give d(6).
-7
Let q(r) = -7*r**3 + 2*r**2 - 1. Let w = 32 - 33. Let u be (1 - w/(-2))*42. Suppose u*l = 24*l - 3. Give q(l).
-6
Let c(g) = -g**2 + g - 1. Let k(d) = 15 - 9 - 3*d + 2*d + 3*d + 3*d**2. Let t(s) = -4*c(s) - k(s). Calculate t(7).
5
Let m(z) = z**2 + 9*z + 2. Let x be m(-9). Suppose 0 = -3*t - 9, o - x*t = 3*o + 6. Let r(n) = n - 4. What is r(o)?
-4
Let q = 199/32 - -9/32. Let p(l) be the second derivative of 0 - q*l**2 + 1/6*l**3 + l. Calculate p(0).
-13
Let g(v) = -v**2 - 13*v - 11. Let h be g(-12). Let a(x) = -22*x**2 - 13*x + 10. Let z(u) = -15*u**2 - 9*u + 7. Let n(r) = -5*a(r) + 7*z(r). Determine n(h).
6
Let u(j) = -2*j**2 + 23*j + 18. Let a be u(12). Suppose -9 = q + 2*q. Let g(f) = 2*f + 7. Let t(z) = 5*z + 15. Let p(d) = q*t(d) + 7*g(d). Give p(a).
-2
Let o = 52 + -52. Let l = o + 4. Let i(x) = -x**2 + 5*x - 1. Determine i(l).
3
Let k(l) be the third derivative of l**6/360 - l**5/24 - l**4/24 - 6*l**2. Let v(a) be the second derivative of k(a). Calculate v(-5).
-15
Let f(j) = -j - 7. Let z be (0 + 2 - 4) + 4. Suppose -3*l - 2*r - 24 = 3*r, -z*l - 2*r - 16 = 0. Calculate f(l).
1
Let l be 2/(-4) + (-7)/14. Let r(f) = -14*f**3 - 5*f - 5. Let y(d) = -5*d**3 - 2*d - 2. Let j = 7 - 4. Let t(c) = j*r(c) - 8*y(c). Determine t(l).
2
Suppose 2*t - z = 0, -2*t = -5*t - 3*z - 18. Let s(x) be the first derivative of x**4/4 - x**3/3 + x**2/2 + x + 8898. Determine s(t).
-13
Let c(u) be the first derivative of 4*u**3/3 - 3*u**2 + 6*u - 33. Let j(x) = -x**2 + x - 1. Let s(g) = -c(g) - 3*j(g). Calculate s(3).
-3
Let t(d) be the second derivative of 47*d**4/12 + d**3/3 + d**2/2 - 14*d. Calculate t(-1).
46
Let h(q) be the first derivative of -3*q**2/2 - 7*q - 785. What is h(-3)?
2
Let l(s) = 2*s + 4. Suppose 0 = -5*v + m - 0*m - 23, -m = 4*v + 13. Determine l(v).
-4
Suppose 2244*j = 2241*j. Let d(y) be the third derivative of 0 + 1/3*y**3 - 1/24*y**4 - 1/120*y**6 + 1/20*y**5 + j*y - 12*y**2. Calculate d(3).
-1
Let d = -7 + 14. Let y(p) = 139*p**2 - p**3 - 66*p**2 - 67*p**2 + 5 + 4*p. Give y(d).
-16
Let s = 21 - 21. Suppose -4 = -6*x + 5*x. Let i(n) = 0*n**3 + 5*n**3 - 4*n**3 + x*n - 3*n + n**2 + 4. Determine i(s).
4
Suppose 2*u = -2*u - s + 36, -60 = -4*u + 5*s. Let x(w) = w**2 + 5*w + 1. Let k be x(-6). Let j(i) = -u*i + k*i + 4*i + 5. Determine j(-3).
2
Let w = -3 - -3. Let p(c) = -c**2 - 11*c + 4. Let m(d) = -2*d. Let k(b) = -6*m(b) + p(b). Give k(w).
4
Let k(z) = 8 + 0*z + 4 + z - 23 + 17. Determine k(3).
9
Let k(x) = x**3 + 1 + 2*x + 2*x - 3*x - 3*x**2. Let t be (-8)/36 + 1*(-2814)/(-27). Let h = 107 - t. Calculate k(h).
4
Suppose 4*i - 17 = 19. Let c = i + -13. Let a(j) = j**3 + 2*j**2 - 7*j - 5. Determine a(c).
-9
Let h(k) = -k**3 + 6*k**2 - 4*k - 1. Suppose -6 = -5*n + 4*q + 3, 4*n - 3*q = 8. Let y be h(n). Let s(o) = -5*o - 3 + 0*o + y*o. Determine s(-2).
-1
Suppose -1122*h + 1140*h = -180. Let q(o) be the second derivative of -o**5/20 - 11*o**4/12 - 5*o**3/3 + 3*o**2/2 + 2*o. Calculate q(h).
3
Suppose 9 + 18 = -3*m. Let h(t) = 3*t + 23. Let y be h(m). Let g = -1 + y. Let x(l) = -l**2 - 6*l - 1. Calculate x(g).
4
Let k(s) = s**3 + s**2 + s - 3. Let o be -46 + 43 + 1*3. What is k(o)?
-3
Let m be (240/(-100))/(3/(-10)). Let a(x) = x**3 - 8*x**2 + x - 12. Let w be a(m). Let j(k) = -2*k - 4. Determine j(w).
4
Let c(o) = 9*o**2 + 7*o + 2. Let f(s) = 4*s + 11. Let z(n) = n**2 + 4*n + 9. Let u(j) = 4*f(j) - 5*z(j). Let m = 4 + -9. 